g*2/(-3) a composite number?
True
Suppose -4*b + i = -23, -2*i + 1 = 5*b - 18. Let o(l) = l**3 + 2. Is o(b) a prime number?
True
Is (-108)/(-10) - (-4)/(-5) a prime number?
False
Is 77/2*(-2)/(-1) composite?
True
Let k(d) = -2*d. Let s be k(-5). Suppose 3*h - s = -y + 2*h, -3*y + 2*h = -55. Suppose 2*w - 3*w = -y. Is w composite?
True
Suppose -230 - 505 = -b. Suppose 5*t - 350 - b = 0. Is t prime?
False
Let u = -12 + 14. Let k(t) = 17*t + 1. Is k(u) composite?
True
Suppose -554 = -2*b + 3*d, -5*d + 0*d + 812 = 3*b. Is b prime?
False
Let b(y) = -126*y - 6. Let w be b(-5). Suppose w = 4*j - 1224. Let u = j + -319. Is u a prime number?
False
Suppose 4*y = -m + 307, 6*m - m = -2*y + 1553. Is m a prime number?
True
Is ((-1388)/(-6))/((-40)/(-60)) prime?
True
Let w = -3097 - -4754. Is w prime?
True
Let m = 96 + -137. Let b = -16 - m. Let c = b + -15. Is c composite?
True
Let p = 9 - -60. Suppose -m + 4*i + p = 0, 4*m = i - 0*i + 261. Is m prime?
False
Is (15/30)/((-1)/(-974)) a composite number?
False
Suppose -3 = -4*p + 5. Suppose -293 = -o + 3*m, -p*o - 5*m + 753 = 167. Is o a prime number?
True
Is (-11)/((1/2)/(610/(-20))) a prime number?
False
Let h(a) = a - 2. Let i(l) = -l**2 - l. Let v(p) = -h(p) - i(p). Let r be v(0). Suppose -57 = r*d - 5*d. Is d a prime number?
True
Let v(f) = 2148*f**3 - f**2 + 2*f. Is v(1) prime?
False
Let p(k) = -2 - 3*k**3 + 4*k - 3*k**2 + 4 - 1 + 4*k**3. Is p(6) a prime number?
False
Suppose 0 = z - 2*h - 561, 2*h = -z - 0*z + 553. Is z prime?
True
Let o = -29 + 40. Suppose -3*p = 3*b + 15, o + 6 = -5*b + 3*p. Let n(f) = -9*f - 5. Is n(b) a prime number?
True
Let i(l) = -l**3 + 16*l**2 + 12*l + 4. Is i(9) a composite number?
True
Let q(v) = -v**2 + 5*v**3 - 1 + 6*v**3 + 4*v - 4*v. Let b be ((-6)/(-4))/(6/8). Is q(b) prime?
True
Let i be 0 - (-11)/((-3)/(-3)). Let x = -20 + i. Let c = -2 - x. Is c prime?
True
Let k(f) be the third derivative of -f**4/24 + 13*f**3/6 - 2*f**2. Is k(6) prime?
True
Let v = 20 - 15. Suppose 5*k - v*n = 1045, -k = -6*k - 2*n + 1059. Is k composite?
False
Let u be 10231/7 + (-8)/14. Suppose -4*k + 3*m = k - u, -5*k - 5*m + 1445 = 0. Is k a prime number?
False
Let h(v) = 317*v + 29. Is h(6) a prime number?
True
Is (-2990)/(-3) + (6/(-9) - -1) a composite number?
False
Let l(z) = -z**3 + 4*z**2 - 4. Let k = -7 + 11. Let a be l(k). Let f = a - -23. Is f a composite number?
False
Let q(r) = -3 + 19*r + 4 - 7 + 2. Let i be 2*(-3)/4*-2. Is q(i) a composite number?
False
Let d = 532 - 375. Is d a composite number?
False
Let u(a) = -7*a - 5. Let b be (4 + 0/2)*-2. Is u(b) composite?
True
Suppose r + 3*d = d - 10, 0 = -2*r + 5*d + 16. Is (-3)/r*46/3 a composite number?
False
Suppose -3*o = -4*p - 805, -5*p - 426 = -4*o + 647. Is o composite?
True
Let t be (3 + 0)*32/6. Is (-4)/t + 3354/8 a composite number?
False
Let g(u) = 234*u**2 + 8*u + 3. Is g(-4) a prime number?
False
Suppose 2*w - 3*w = -2, 2*s - 2*w + 28 = 0. Let f = -21 - -34. Let y = f - s. Is y prime?
False
Suppose 2*s + 3*s - 433 = p, -2*p = 5*s - 439. Is (20/(-6))/((-2)/s) a prime number?
False
Let f(g) = 63*g + 14. Let a(m) = 21*m + 5. Let z(o) = 17*a(o) - 6*f(o). Let j be 2/(-1) + 3 + -2. Is z(j) composite?
True
Suppose 0*o + 3*o - 483 = 0. Is o prime?
False
Let n(z) = 1 + 2*z**3 + 8*z + 5*z**2 + 0*z**2 - 15*z**2. Let f(y) = -y**2 + 8*y. Let o be f(7). Is n(o) prime?
False
Let w be 4/(-6) + 143/3. Let u = w - 16. Is u a prime number?
True
Let y = 40 + 1155. Is y prime?
False
Let u be (-24)/108 - (-1012)/18. Suppose 5*m - 3*i = 271, 5*i + 7 = m - u. Is m composite?
False
Let m be ((-1)/4)/((-10)/7960). Suppose -5*d - 281 = -3*u, 2*u = 2*d - 9 + m. Is u composite?
False
Is (1/4)/(2 - 5061/2532) prime?
True
Let s(n) = 4*n + 1. Let m(l) = l**2 - 8*l - 2. Let f be m(6). Let i be (-1)/(2 + f/6). Is s(i) composite?
False
Let k = 1090 - 683. Is k prime?
False
Let p = 3 - 1. Let a be (-5)/10 + (-39)/p. Is (-17)/(-4) + 5/a a prime number?
False
Suppose -407 = -5*p + 308. Is p a prime number?
False
Suppose -2*n - 5*l + 209 = 0, 155 + 320 = 5*n + 3*l. Let x be 1 + (0 - -2) + 1. Suppose -x*u + n = -32. Is u prime?
True
Let c(f) = -93*f - 17. Is c(-6) a prime number?
True
Let y(t) = -13*t**2 + 12. Let l be y(4). Let b = 195 - -128. Let r = l + b. Is r prime?
True
Suppose -14 = -3*q - m, -m = q - 5*m + 17. Suppose 181 = q*o - 59. Suppose 3*i = 2*p + 187, o = -3*i + 5*p + 255. Is i prime?
False
Let i be 8 + (-4 - -2) + -1. Suppose v = -3*x + 25, 3*x - i*x + 3*v = -24. Suppose 4*k + x = 5*k. Is k a composite number?
True
Is (4388/(-16))/(2/(-8)) a composite number?
False
Suppose 0*t = 2*t - 186. Suppose n + 3*r - t = 0, -3*n + 2*r + 2*r = -214. Let j = n - 39. Is j a prime number?
False
Let k(q) = -5*q + 3. Let j = -3 - -1. Let c(x) = 6*x - 2. Let s(b) = j*c(b) - 3*k(b). Is s(4) prime?
True
Let g(r) be the third derivative of 1/24*r**4 - r**2 + 0 + 0*r**3 + 1/12*r**5 + 0*r. Is g(-1) a composite number?
True
Let w(c) = c - 6. Let i be w(9). Suppose i*n - 354 + 117 = 0. Is n prime?
True
Suppose 0*v + 376 = -4*v + c, 0 = v - 5*c + 94. Let j be v/((-1)/(1/2)). Suppose -2*l - 4*x + 63 = -j, -5*l = -4*x - 219. Is l prime?
True
Let n(z) = 3*z**2 - 1. Is n(10) composite?
True
Suppose 0 = 6*o - 4*o - 382. Is o a prime number?
True
Is (948/8)/((-4)/(-8)) composite?
True
Let x(a) = a**3 + 7*a**2 + 5*a + 1. Let f = 11 - 17. Is x(f) composite?
False
Let v be (2*(-1 - -2))/(-2). Let k = 18 - v. Is k prime?
True
Let q(p) = -p**3 - p**2 - p - 2. Is q(-3) prime?
True
Let j = -4 + -11. Let g be j/(-2)*(0 + 2). Suppose -10 = -u + g. Is u composite?
True
Let n(i) = i**3 + 6*i**2 - 24*i - 23. Is n(12) composite?
False
Let c(x) = 3*x + 1. Let n = -31 + 43. Is c(n) prime?
True
Let i(a) be the first derivative of 10*a - 1 + 10/3*a**3 + 1/4*a**4 + 3*a**2. Is i(-9) prime?
True
Let g be 1 + 0 + 0/(-2). Suppose 107 = 3*y - g. Suppose 0 = 7*i - 3*i - y. Is i prime?
False
Suppose 2*r + 0*r + 10 = 0, -3 = 3*j + 3*r. Suppose z = -j*z. Suppose z = -3*h - 20 + 62. Is h composite?
True
Suppose 0 = 2*u - 0*u - 238. Is u prime?
False
Let l(r) = 59*r**2 - 3*r + 5. Is l(-4) a prime number?
False
Let c be (8/20)/((-2)/(-10)). Suppose c*y + 3 = 7. Is y/3*(-159)/(-2) a prime number?
True
Suppose -127 = -4*n + d, 90 = -0*n + 3*n + d. Is n a prime number?
True
Suppose -s - 69 = -3*i + 2*s, -3*i + 4*s + 68 = 0. Suppose 3*q + 0*q - i = -f, 4*f = 3*q - 9. Is q prime?
True
Suppose -2*l = -1 + 3. Is (-1168 - l)*(-2)/6 prime?
True
Let g = -6 - -8. Suppose 1 + g = l. Suppose -2*n = l*n - 955. Is n prime?
True
Suppose 2*g + 25 = 7*g + 2*l, -3*g - 3*l = -24. Suppose -1 = -u - c, 4*u + 3*c - g = 1. Is u*(3 + -5) + 97 composite?
True
Suppose 0 = -0*h - h + 2. Suppose -3*b + 10 = 3*c - 2*c, h*b + c - 6 = 0. Is (-49)/(-2)*(b - 2) a prime number?
False
Is 3 - (0 - 83/1) a composite number?
True
Let n(c) = -32*c - 3. Let h be (4/1)/2 - 4. Let l be n(h). Suppose 4*j = l - 9. Is j a prime number?
True
Suppose 0 = 2*i - 0*i - 6. Suppose 5*f - i*f - 74 = 0. Is f a prime number?
True
Suppose 0 = -4*a + 5*a - 269. Is a a prime number?
True
Suppose 8*l - 12*l + 19088 = 0. Suppose -5*r = -r - l. Is r a composite number?
False
Suppose -3*l + 2*c = -0*c - 18, 2*l + 4*c = 12. Let d(s) = 7*s - 9. Is d(l) a prime number?
False
Suppose -36 = 2*m + 2*h, 0 = -m - 0*m + 4*h - 28. Let s = m + 33. Is s a prime number?
True
Let s(x) = 2*x**2 + 15*x + 9. Is s(-10) a prime number?
True
Suppose 0*x - x = -5*t - 46, 74 = 2*x - 4*t. Is x a prime number?
True
Let d(n) = -n**3 + 12*n**2 - 5*n + 3. Let q be (22/(-8))/((-3)/12). Is d(q) a prime number?
False
Let u = -343 + 560. Is u a prime number?
False
Let j(o) = -o**2 - 7*o + 1. Let p = -16 + 10. Let c be j(p). Is (c - 0) + (-2)/2 prime?
False
Let w be 30*1 - (4 + -6). Let k = -18 + w. Is k a prime number?
False
Let i(x) = 4 - 4*x**2 + 0*x + 3*x + 3*x**2. Let y be i(3). Suppose -4*n = -3*v + y*v - 17, -14 = 2*n - 4*v. Is n a prime number?
True
Suppose 0 = 6*t - 2*t - 2392. Suppose 0 = -5*l + 5*s + 1000, -3*l + 6*l - s - t = 0. Is l a prime number?
True
Suppose i + 2*o + 8 = 0, 0 = 3*i - i + 5*o + 21. Suppose i*r - 96 = 62. Is r a prime number?
True
Let u(c) = 6*c**2 + 8*c - 14. Let v(d) = -5*d**2 - 7*d + 13. Let i(z) = -4*u(z) - 5*v(z). Suppose -h - 5*g = 27, 7*g = -3*h + 5*g - 29.